{"id":7896,"date":"2021-02-16T00:08:25","date_gmt":"2021-02-15T23:08:25","guid":{"rendered":"http:\/\/alain-wohlgemuth.com\/?page_id=7896"},"modified":"2025-11-26T12:01:19","modified_gmt":"2025-11-26T11:01:19","slug":"inklusive-spielkarten","status":"publish","type":"page","link":"https:\/\/shop.alain-wohlgemuth.com\/","title":{"rendered":"D\u00e4 ander Jass Shop"},"content":{"rendered":"[vc_row type=&#8220;full_width_background&#8220; full_screen_row_position=&#8220;middle&#8220; column_margin=&#8220;default&#8220; column_direction=&#8220;default&#8220; column_direction_tablet=&#8220;default&#8220; column_direction_phone=&#8220;default&#8220; bg_color=&#8220;#191919&#8243; scene_position=&#8220;center&#8220; top_padding=&#8220;5%&#8220; text_color=&#8220;dark&#8220; text_align=&#8220;left&#8220; row_border_radius=&#8220;none&#8220; row_border_radius_applies=&#8220;bg&#8220; overflow=&#8220;visible&#8220; overlay_strength=&#8220;0.3&#8243; gradient_direction=&#8220;left_to_right&#8220; shape_divider_position=&#8220;bottom&#8220; bg_image_animation=&#8220;none&#8220; shape_type=&#8220;&#8220; gradient_type=&#8220;default&#8220;][vc_column column_padding=&#8220;no-extra-padding&#8220; column_padding_tablet=&#8220;inherit&#8220; column_padding_phone=&#8220;inherit&#8220; column_padding_position=&#8220;all&#8220; column_element_direction_desktop=&#8220;default&#8220; column_element_spacing=&#8220;default&#8220; desktop_text_alignment=&#8220;default&#8220; tablet_text_alignment=&#8220;default&#8220; phone_text_alignment=&#8220;default&#8220; background_color_opacity=&#8220;1&#8243; background_hover_color_opacity=&#8220;1&#8243; column_backdrop_filter=&#8220;none&#8220; column_shadow=&#8220;none&#8220; column_border_radius=&#8220;none&#8220; column_link_target=&#8220;_self&#8220; column_position=&#8220;default&#8220; gradient_direction=&#8220;left_to_right&#8220; overlay_strength=&#8220;0.3&#8243; width=&#8220;1\/1&#8243; tablet_width_inherit=&#8220;default&#8220; animation_type=&#8220;default&#8220; bg_image_animation=&#8220;none&#8220; border_type=&#8220;simple&#8220; column_border_width=&#8220;none&#8220; column_border_style=&#8220;solid&#8220;][vc_custom_heading text=&#8220;D\u00e4 Ander Jass&#8220; font_container=&#8220;tag:h1|font_size:90|text_align:center|color:%23ffffff|line_height:116px&#8220; use_theme_fonts=&#8220;yes&#8220; el_class=&#8220;title_main&#8220;][vc_custom_heading text=&#8220;Jassen mit mehr Diversit\u00e4t.&#8220; font_container=&#8220;tag:p|font_size:20|text_align:center|color:%23ffffff|line_height:50px&#8220; use_theme_fonts=&#8220;yes&#8220;][\/vc_column][\/vc_row][vc_row type=&#8220;full_width_content&#8220; full_screen_row_position=&#8220;middle&#8220; column_margin=&#8220;default&#8220; equal_height=&#8220;yes&#8220; content_placement=&#8220;middle&#8220; column_direction=&#8220;default&#8220; column_direction_tablet=&#8220;default&#8220; column_direction_phone=&#8220;default&#8220; scene_position=&#8220;center&#8220; text_color=&#8220;light&#8220; text_align=&#8220;left&#8220; row_border_radius=&#8220;none&#8220; row_border_radius_applies=&#8220;bg&#8220; overflow=&#8220;visible&#8220; overlay_strength=&#8220;0.3&#8243; gradient_direction=&#8220;left_to_right&#8220; shape_divider_position=&#8220;bottom&#8220; bg_image_animation=&#8220;none&#8220;][vc_column column_padding=&#8220;padding-8-percent&#8220; column_padding_tablet=&#8220;inherit&#8220; column_padding_phone=&#8220;inherit&#8220; column_padding_position=&#8220;all&#8220; column_element_direction_desktop=&#8220;default&#8220; column_element_spacing=&#8220;default&#8220; centered_text=&#8220;true&#8220; desktop_text_alignment=&#8220;default&#8220; tablet_text_alignment=&#8220;default&#8220; phone_text_alignment=&#8220;default&#8220; background_color=&#8220;#2d2d2d&#8220; background_color_opacity=&#8220;0.4&#8243; background_hover_color_opacity=&#8220;0.4&#8243; background_image=&#8220;8024&#8243; background_image_position=&#8220;center center&#8220; background_image_stacking=&#8220;default&#8220; enable_bg_scale=&#8220;true&#8220; background_image_loading=&#8220;default&#8220; column_backdrop_filter=&#8220;none&#8220; column_shadow=&#8220;none&#8220; column_border_radius=&#8220;none&#8220; column_link_target=&#8220;_self&#8220; column_position=&#8220;default&#8220; gradient_direction=&#8220;left_to_right&#8220; overlay_strength=&#8220;0.3&#8243; width=&#8220;1\/2&#8243; tablet_width_inherit=&#8220;default&#8220; animation_type=&#8220;default&#8220; enable_animation=&#8220;true&#8220; animation=&#8220;grow-in&#8220; animation_easing=&#8220;default&#8220; bg_image_animation=&#8220;none&#8220; border_type=&#8220;simple&#8220; column_border_width=&#8220;none&#8220; column_border_style=&#8220;solid&#8220;][divider line_type=&#8220;No Line&#8220; custom_height=&#8220;100&#8243;][vc_custom_heading text=&#8220;Webshop&#8220; font_container=&#8220;tag:h3|text_align:center&#8220; use_theme_fonts=&#8220;yes&#8220;][nectar_btn size=&#8220;large&#8220; button_style=&#8220;see-through-2&#8243; hover_text_color_override=&#8220;#ffffff&#8220; icon_family=&#8220;none&#8220; url=&#8220;https:\/\/shop.alain-wohlgemuth.com\/index.php\/produkt\/dae-ander-jass-kartenset\/&#8220; text=&#8220;Kaufe dein Jass-Set&#8220; margin_top=&#8220;25&#8243;][divider line_type=&#8220;No Line&#8220; custom_height=&#8220;100&#8243;][\/vc_column][vc_column column_padding=&#8220;padding-8-percent&#8220; column_padding_tablet=&#8220;inherit&#8220; column_padding_phone=&#8220;inherit&#8220; column_padding_position=&#8220;all&#8220; column_element_direction_desktop=&#8220;default&#8220; column_element_spacing=&#8220;default&#8220; centered_text=&#8220;true&#8220; desktop_text_alignment=&#8220;default&#8220; tablet_text_alignment=&#8220;default&#8220; phone_text_alignment=&#8220;default&#8220; background_color=&#8220;#2d2d2d&#8220; background_color_opacity=&#8220;0.5&#8243; background_hover_color_opacity=&#8220;0.5&#8243; background_image=&#8220;8029&#8243; background_image_position=&#8220;center center&#8220; background_image_stacking=&#8220;default&#8220; enable_bg_scale=&#8220;true&#8220; background_image_loading=&#8220;default&#8220; column_backdrop_filter=&#8220;none&#8220; column_shadow=&#8220;none&#8220; column_border_radius=&#8220;none&#8220; column_link_target=&#8220;_self&#8220; column_position=&#8220;default&#8220; gradient_direction=&#8220;left_to_right&#8220; overlay_strength=&#8220;0.3&#8243; width=&#8220;1\/2&#8243; tablet_width_inherit=&#8220;default&#8220; animation_type=&#8220;default&#8220; enable_animation=&#8220;true&#8220; animation=&#8220;grow-in&#8220; animation_easing=&#8220;default&#8220; bg_image_animation=&#8220;none&#8220; border_type=&#8220;simple&#8220; column_border_width=&#8220;none&#8220; column_border_style=&#8220;solid&#8220; delay=&#8220;150&#8243;][divider line_type=&#8220;No Line&#8220; custom_height=&#8220;100&#8243;][vc_custom_heading text=&#8220;Artikel&#8220; font_container=&#8220;tag:h3|text_align:center&#8220; use_theme_fonts=&#8220;yes&#8220;][nectar_btn size=&#8220;large&#8220; button_style=&#8220;see-through-2&#8243; hover_text_color_override=&#8220;#ffffff&#8220; icon_family=&#8220;none&#8220; url=&#8220;https:\/\/www.watson.ch\/schweiz\/games\/435609096-sind-jass-karten-rassistisch-ein-schweizer-zeigt-wie-s-ohne-geht&#8220; text=&#8220;Watson&#8220; margin_top=&#8220;25&#8243; margin_right=&#8220;5&#8243;][nectar_btn size=&#8220;large&#8220; button_style=&#8220;see-through-2&#8243; hover_text_color_override=&#8220;#ffffff&#8220; icon_family=&#8220;none&#8220; url=&#8220;https:\/\/www.aargauerzeitung.ch\/leben\/in-der-kritik-rassismus-bei-jass-karten-ein-junger-schweizer-designer-zeigt-wie-sujets-ohne-diskriminierung-aussehen-koennen-ld.2132207&#8243; text=&#8220;Aargauer Zeitung&#8220; margin_top=&#8220;10&#8243; margin_left=&#8220;5&#8243; margin_right=&#8220;5&#8243;][nectar_btn size=&#8220;large&#8220; button_style=&#8220;see-through-2&#8243; hover_text_color_override=&#8220;#ffffff&#8220; icon_family=&#8220;none&#8220; url=&#8220;https:\/\/www.blick.ch\/schweiz\/mit-oberin-und-underin-designer-bringt-gendergerechte-schweizer-jasskarten-raus-id16502693.html&#8220; text=&#8220;Blick.ch&#8220; margin_top=&#8220;0&#8243; margin_left=&#8220;5&#8243;][divider line_type=&#8220;No Line&#8220; custom_height=&#8220;100&#8243;][\/vc_column][\/vc_row][vc_row type=&#8220;full_width_background&#8220; full_screen_row_position=&#8220;middle&#8220; column_margin=&#8220;default&#8220; column_direction=&#8220;default&#8220; column_direction_tablet=&#8220;default&#8220; column_direction_phone=&#8220;default&#8220; bg_color=&#8220;#191919&#8243; scene_position=&#8220;center&#8220; top_padding=&#8220;10%&#8220; text_color=&#8220;dark&#8220; text_align=&#8220;left&#8220; row_border_radius=&#8220;none&#8220; row_border_radius_applies=&#8220;bg&#8220; overflow=&#8220;visible&#8220; overlay_strength=&#8220;0.3&#8243; gradient_direction=&#8220;left_to_right&#8220; shape_divider_position=&#8220;bottom&#8220; bg_image_animation=&#8220;none&#8220; shape_type=&#8220;&#8220;][vc_column column_padding=&#8220;no-extra-padding&#8220; column_padding_tablet=&#8220;inherit&#8220; column_padding_phone=&#8220;inherit&#8220; column_padding_position=&#8220;all&#8220; bottom_margin=&#8220;10%&#8220; column_element_direction_desktop=&#8220;default&#8220; column_element_spacing=&#8220;default&#8220; desktop_text_alignment=&#8220;default&#8220; tablet_text_alignment=&#8220;default&#8220; phone_text_alignment=&#8220;default&#8220; background_color_opacity=&#8220;1&#8243; background_hover_color_opacity=&#8220;1&#8243; column_backdrop_filter=&#8220;none&#8220; column_shadow=&#8220;none&#8220; column_border_radius=&#8220;none&#8220; column_link_target=&#8220;_self&#8220; column_position=&#8220;default&#8220; gradient_direction=&#8220;left_to_right&#8220; overlay_strength=&#8220;0.3&#8243; width=&#8220;1\/1&#8243; tablet_width_inherit=&#8220;default&#8220; animation_type=&#8220;default&#8220; bg_image_animation=&#8220;none&#8220; border_type=&#8220;simple&#8220; column_border_width=&#8220;none&#8220; column_border_style=&#8220;solid&#8220;][vc_gallery type=&#8220;image_grid&#8220; images=&#8220;8028,8029,8373,8371,8118,8117,8116,8110&#8243; image_grid_loading=&#8220;default&#8220; layout=&#8220;4&#8243; item_spacing=&#8220;default&#8220; gallery_style=&#8220;7&#8243; load_in_animation=&#8220;none&#8220;][\/vc_column][\/vc_row]\n","protected":false},"excerpt":{"rendered":"<p>[vc_row type=&#8220;full_width_background&#8220; full_screen_row_position=&#8220;middle&#8220; column_margin=&#8220;default&#8220; column_direction=&#8220;default&#8220; column_direction_tablet=&#8220;default&#8220; column_direction_phone=&#8220;default&#8220; bg_color=&#8220;#191919&#8243; scene_position=&#8220;center&#8220; top_padding=&#8220;5%&#8220; text_color=&#8220;dark&#8220; text_align=&#8220;left&#8220; row_border_radius=&#8220;none&#8220; row_border_radius_applies=&#8220;bg&#8220; overflow=&#8220;visible&#8220; overlay_strength=&#8220;0.3&#8243; gradient_direction=&#8220;left_to_right&#8220; shape_divider_position=&#8220;bottom&#8220; bg_image_animation=&#8220;none&#8220; shape_type=&#8220;&#8220; gradient_type=&#8220;default&#8220;][vc_column column_padding=&#8220;no-extra-padding&#8220; column_padding_tablet=&#8220;inherit&#8220; column_padding_phone=&#8220;inherit&#8220; column_padding_position=&#8220;all&#8220; column_element_direction_desktop=&#8220;default&#8220; column_element_spacing=&#8220;default&#8220; desktop_text_alignment=&#8220;default&#8220; tablet_text_alignment=&#8220;default&#8220; phone_text_alignment=&#8220;default&#8220;&#8230;<\/p>\n","protected":false},"author":2,"featured_media":0,"parent":0,"menu_order":0,"comment_status":"closed","ping_status":"closed","template":"","meta":{"footnotes":""},"class_list":["post-7896","page","type-page","status-publish"],"yoast_head":"<!-- This site is optimized with the Yoast SEO plugin v21.3 - https:\/\/yoast.com\/wordpress\/plugins\/seo\/ -->\n<title>D\u00e4 ander Jass Shop | Ander Jass<\/title>\n<meta name=\"description\" content=\"Jassen jetzt auch mit K\u00f6nigin Oberin und Underin. D\u00e4 Anderjass ist ein Inklusives Jasskartenset mit neuen Charakteren.\" \/>\n<meta name=\"robots\" content=\"index, follow, max-snippet:-1, max-image-preview:large, max-video-preview:-1\" \/>\n<link rel=\"canonical\" href=\"https:\/\/shop.alain-wohlgemuth.com\/\" \/>\n<meta property=\"og:locale\" content=\"de_DE\" \/>\n<meta property=\"og:type\" content=\"article\" \/>\n<meta property=\"og:title\" content=\"D\u00e4 ander Jass Shop | Ander Jass\" \/>\n<meta property=\"og:description\" content=\"Jassen jetzt auch mit K\u00f6nigin Oberin und Underin. D\u00e4 Anderjass ist ein Inklusives Jasskartenset mit neuen Charakteren.\" \/>\n<meta property=\"og:url\" content=\"https:\/\/shop.alain-wohlgemuth.com\/\" \/>\n<meta property=\"og:site_name\" content=\"Ander Jass\" \/>\n<meta property=\"article:modified_time\" content=\"2025-11-26T11:01:19+00:00\" \/>\n<meta property=\"og:image\" content=\"https:\/\/shop.alain-wohlgemuth.com\/wp-content\/uploads\/2022\/03\/1410761-scaled-1.jpg\" \/>\n\t<meta property=\"og:image:width\" content=\"2560\" \/>\n\t<meta property=\"og:image:height\" content=\"1707\" \/>\n\t<meta property=\"og:image:type\" content=\"image\/jpeg\" \/>\n<meta name=\"twitter:card\" content=\"summary_large_image\" \/>\n<meta name=\"twitter:label1\" content=\"Gesch\u00e4tzte Lesezeit\" \/>\n\t<meta name=\"twitter:data1\" content=\"2\u00a0Minuten\" \/>\n<script type=\"application\/ld+json\" class=\"yoast-schema-graph\">{\"@context\":\"https:\/\/schema.org\",\"@graph\":[{\"@type\":\"WebPage\",\"@id\":\"https:\/\/shop.alain-wohlgemuth.com\/\",\"url\":\"https:\/\/shop.alain-wohlgemuth.com\/\",\"name\":\"D\u00e4 ander Jass Shop | Ander Jass\",\"isPartOf\":{\"@id\":\"https:\/\/shop.alain-wohlgemuth.com\/#website\"},\"datePublished\":\"2021-02-15T23:08:25+00:00\",\"dateModified\":\"2025-11-26T11:01:19+00:00\",\"description\":\"Jassen jetzt auch mit K\u00f6nigin Oberin und Underin. D\u00e4 Anderjass ist ein Inklusives Jasskartenset mit neuen Charakteren.\",\"breadcrumb\":{\"@id\":\"https:\/\/shop.alain-wohlgemuth.com\/#breadcrumb\"},\"inLanguage\":\"de\",\"potentialAction\":[{\"@type\":\"ReadAction\",\"target\":[\"https:\/\/shop.alain-wohlgemuth.com\/\"]}]},{\"@type\":\"BreadcrumbList\",\"@id\":\"https:\/\/shop.alain-wohlgemuth.com\/#breadcrumb\",\"itemListElement\":[{\"@type\":\"ListItem\",\"position\":1,\"name\":\"Startseite\",\"item\":\"https:\/\/shop.alain-wohlgemuth.com\/\"},{\"@type\":\"ListItem\",\"position\":2,\"name\":\"D\u00e4 ander Jass Shop\"}]},{\"@type\":\"WebSite\",\"@id\":\"https:\/\/shop.alain-wohlgemuth.com\/#website\",\"url\":\"https:\/\/shop.alain-wohlgemuth.com\/\",\"name\":\"Ander Jass dein inklusives Jasskartenset\",\"description\":\"Webshop\",\"publisher\":{\"@id\":\"https:\/\/shop.alain-wohlgemuth.com\/#organization\"},\"potentialAction\":[{\"@type\":\"SearchAction\",\"target\":{\"@type\":\"EntryPoint\",\"urlTemplate\":\"https:\/\/shop.alain-wohlgemuth.com\/?s={search_term_string}\"},\"query-input\":\"required name=search_term_string\"}],\"inLanguage\":\"de\"},{\"@type\":\"Organization\",\"@id\":\"https:\/\/shop.alain-wohlgemuth.com\/#organization\",\"name\":\"Ander Jass dein inklusives Jasskartenset\",\"url\":\"https:\/\/shop.alain-wohlgemuth.com\/\",\"logo\":{\"@type\":\"ImageObject\",\"inLanguage\":\"de\",\"@id\":\"https:\/\/shop.alain-wohlgemuth.com\/#\/schema\/logo\/image\/\",\"url\":\"https:\/\/shop.alain-wohlgemuth.com\/wp-content\/uploads\/2025\/10\/Screenshot-2025-10-06-at-19.58.02.png\",\"contentUrl\":\"https:\/\/shop.alain-wohlgemuth.com\/wp-content\/uploads\/2025\/10\/Screenshot-2025-10-06-at-19.58.02.png\",\"width\":1010,\"height\":1010,\"caption\":\"Ander Jass dein inklusives Jasskartenset\"},\"image\":{\"@id\":\"https:\/\/shop.alain-wohlgemuth.com\/#\/schema\/logo\/image\/\"}}]}<\/script>\n<!-- \/ Yoast SEO plugin. -->","yoast_head_json":{"title":"D\u00e4 ander Jass Shop | Ander Jass","description":"Jassen jetzt auch mit K\u00f6nigin Oberin und Underin. D\u00e4 Anderjass ist ein Inklusives Jasskartenset mit neuen Charakteren.","robots":{"index":"index","follow":"follow","max-snippet":"max-snippet:-1","max-image-preview":"max-image-preview:large","max-video-preview":"max-video-preview:-1"},"canonical":"https:\/\/shop.alain-wohlgemuth.com\/","og_locale":"de_DE","og_type":"article","og_title":"D\u00e4 ander Jass Shop | Ander Jass","og_description":"Jassen jetzt auch mit K\u00f6nigin Oberin und Underin. D\u00e4 Anderjass ist ein Inklusives Jasskartenset mit neuen Charakteren.","og_url":"https:\/\/shop.alain-wohlgemuth.com\/","og_site_name":"Ander Jass","article_modified_time":"2025-11-26T11:01:19+00:00","og_image":[{"width":2560,"height":1707,"url":"https:\/\/shop.alain-wohlgemuth.com\/wp-content\/uploads\/2022\/03\/1410761-scaled-1.jpg","type":"image\/jpeg"}],"twitter_card":"summary_large_image","twitter_misc":{"Gesch\u00e4tzte Lesezeit":"2\u00a0Minuten"},"schema":{"@context":"https:\/\/schema.org","@graph":[{"@type":"WebPage","@id":"https:\/\/shop.alain-wohlgemuth.com\/","url":"https:\/\/shop.alain-wohlgemuth.com\/","name":"D\u00e4 ander Jass Shop | Ander Jass","isPartOf":{"@id":"https:\/\/shop.alain-wohlgemuth.com\/#website"},"datePublished":"2021-02-15T23:08:25+00:00","dateModified":"2025-11-26T11:01:19+00:00","description":"Jassen jetzt auch mit K\u00f6nigin Oberin und Underin. D\u00e4 Anderjass ist ein Inklusives Jasskartenset mit neuen Charakteren.","breadcrumb":{"@id":"https:\/\/shop.alain-wohlgemuth.com\/#breadcrumb"},"inLanguage":"de","potentialAction":[{"@type":"ReadAction","target":["https:\/\/shop.alain-wohlgemuth.com\/"]}]},{"@type":"BreadcrumbList","@id":"https:\/\/shop.alain-wohlgemuth.com\/#breadcrumb","itemListElement":[{"@type":"ListItem","position":1,"name":"Startseite","item":"https:\/\/shop.alain-wohlgemuth.com\/"},{"@type":"ListItem","position":2,"name":"D\u00e4 ander Jass Shop"}]},{"@type":"WebSite","@id":"https:\/\/shop.alain-wohlgemuth.com\/#website","url":"https:\/\/shop.alain-wohlgemuth.com\/","name":"Ander Jass dein inklusives Jasskartenset","description":"Webshop","publisher":{"@id":"https:\/\/shop.alain-wohlgemuth.com\/#organization"},"potentialAction":[{"@type":"SearchAction","target":{"@type":"EntryPoint","urlTemplate":"https:\/\/shop.alain-wohlgemuth.com\/?s={search_term_string}"},"query-input":"required name=search_term_string"}],"inLanguage":"de"},{"@type":"Organization","@id":"https:\/\/shop.alain-wohlgemuth.com\/#organization","name":"Ander Jass dein inklusives Jasskartenset","url":"https:\/\/shop.alain-wohlgemuth.com\/","logo":{"@type":"ImageObject","inLanguage":"de","@id":"https:\/\/shop.alain-wohlgemuth.com\/#\/schema\/logo\/image\/","url":"https:\/\/shop.alain-wohlgemuth.com\/wp-content\/uploads\/2025\/10\/Screenshot-2025-10-06-at-19.58.02.png","contentUrl":"https:\/\/shop.alain-wohlgemuth.com\/wp-content\/uploads\/2025\/10\/Screenshot-2025-10-06-at-19.58.02.png","width":1010,"height":1010,"caption":"Ander Jass dein inklusives Jasskartenset"},"image":{"@id":"https:\/\/shop.alain-wohlgemuth.com\/#\/schema\/logo\/image\/"}}]}},"_links":{"self":[{"href":"https:\/\/shop.alain-wohlgemuth.com\/index.php\/wp-json\/wp\/v2\/pages\/7896","targetHints":{"allow":["GET"]}}],"collection":[{"href":"https:\/\/shop.alain-wohlgemuth.com\/index.php\/wp-json\/wp\/v2\/pages"}],"about":[{"href":"https:\/\/shop.alain-wohlgemuth.com\/index.php\/wp-json\/wp\/v2\/types\/page"}],"author":[{"embeddable":true,"href":"https:\/\/shop.alain-wohlgemuth.com\/index.php\/wp-json\/wp\/v2\/users\/2"}],"replies":[{"embeddable":true,"href":"https:\/\/shop.alain-wohlgemuth.com\/index.php\/wp-json\/wp\/v2\/comments?post=7896"}],"version-history":[{"count":26,"href":"https:\/\/shop.alain-wohlgemuth.com\/index.php\/wp-json\/wp\/v2\/pages\/7896\/revisions"}],"predecessor-version":[{"id":8534,"href":"https:\/\/shop.alain-wohlgemuth.com\/index.php\/wp-json\/wp\/v2\/pages\/7896\/revisions\/8534"}],"wp:attachment":[{"href":"https:\/\/shop.alain-wohlgemuth.com\/index.php\/wp-json\/wp\/v2\/media?parent=7896"}],"curies":[{"name":"wp","href":"https:\/\/api.w.org\/{rel}","templated":true}]}}